{"id":1092,"date":"2020-02-24T12:06:23","date_gmt":"2020-02-24T11:06:23","guid":{"rendered":"http:\/\/kynnefjall.com\/aktiviteter-aventyr\/vandring\/vandringspaket_2\/"},"modified":"2020-03-18T06:40:23","modified_gmt":"2020-03-18T05:40:23","slug":"vandringspaket_2","status":"publish","type":"page","link":"https:\/\/kynnefjall.com\/en\/activities-adventures\/hiking\/vandringspaket_2\/","title":{"rendered":"Vandringspaket_2"},"content":{"rendered":"<p><div id='av_section_1' class='avia-section main_color avia-section-default avia-no-border-styling avia-bg-style-scroll  avia-builder-el-0  el_before_av_section  avia-builder-el-first   container_wrap fullsize' style=' '  ><div class='container' ><main  role=\"main\" itemprop=\"mainContentOfPage\"  class='template-page content  av-content-full alpha units'><div class='post-entry post-entry-type-page post-entry-1092'><div class='entry-content-wrapper clearfix'> <div style='padding-bottom:10px; ' class='av-special-heading av-special-heading-h1  blockquote modern-quote modern-centered  avia-builder-el-1  el_before_av_one_half  avia-builder-el-first  '><h1 class='av-special-heading-tag '  itemprop=\"headline\"  >Vandringspaket &#8211; med halvpension<\/h1><div class ='av-subheading av-subheading_below  ' style='font-size:15px;'><p> Paketet med halvpension \u00e4r bokningsbart &#8211; v\u00e5r och h\u00f6st 2019 <\/p>\n<\/div><div class='special-heading-border'><div class='special-heading-inner-border' ><\/div><\/div><\/div> <div class=\"flex_column av_one_half  flex_column_div av-zero-column-padding first  avia-builder-el-2  el_after_av_heading  el_before_av_one_half  \" style='border-radius:0px; '><section class=\"av_textblock_section \"  itemscope=\"itemscope\" itemtype=\"https:\/\/schema.org\/CreativeWork\" ><div class='avia_textblock  '   itemprop=\"text\" ><p> P\u00e5 v\u00e5ren spirar den vilda och vackra naturen p\u00e5 Kynnefj\u00e4ll och under h\u00f6sten sprakar skogen i gult, orange och r\u00f6tt. Uppt\u00e4ck Bohusl\u00e4ns inland p\u00e5 egen hand d\u00e4r flertalet leder i varierande l\u00e4ngd b\u00f6rjar precis utanf\u00f6r husknuten. <\/p>\n<\/div><\/section><\/div><div class=\"flex_column av_one_half  flex_column_div av-zero-column-padding   avia-builder-el-4  el_after_av_one_half  el_before_av_one_half  \" style='border-radius:0px; '><div class='avia-image-container  av-styling-no-styling    avia-builder-el-5  avia-builder-el-no-sibling  avia-align-center '  itemprop=\"image\" itemscope=\"itemscope\" itemtype=\"https:\/\/schema.org\/ImageObject\"  ><div class='avia-image-container-inner'><div class='avia-image-overlay-wrap'><img class='avia_image' src='https:\/\/kynnefjall.com\/wp-content\/uploads\/2020\/02\/webbutik-cat.jpg' alt='' title='webbutik-cat' height=\"600\" width=\"1200\"  itemprop=\"thumbnailUrl\"  \/><\/div><\/div><\/div><\/div><div class=\"flex_column av_one_half  flex_column_div av-zero-column-padding first  avia-builder-el-6  el_after_av_one_half  el_before_av_one_half  column-top-margin\" style='border-radius:0px; '><section class=\"av_textblock_section \"  itemscope=\"itemscope\" itemtype=\"https:\/\/schema.org\/CreativeWork\" ><div class='avia_textblock  '   itemprop=\"text\" ><p> <strong>I paketet ing\u00e5r<\/strong> Logi, del i dubbelrum inkl. frukost Mats\u00e4ck Genomg\u00e5ng av kartor och terr\u00e4ng Tillg\u00e5ng till g\u00e4stk\u00f6k, mat- och TVrum Lakan och handdukar Slutst\u00e4dning Middagen lagar ni sj\u00e4lva i v\u00e5rt g\u00e4stk\u00f6k. Frukosten finns f\u00f6rberedd i v\u00e5rt g\u00e4stk\u00f6k. Kylvaror tar du sj\u00e4lv i kylen, br\u00f6drost och kaffebryggare finns att tillg\u00e5. I samband med frukosten g\u00f6r ni \u00e4ven i ordning mats\u00e4ck till dagens vandring. \u00c4r ni sex personer eller fler s\u00e5 kan det finnas m\u00f6jlighet att f\u00f6rbest\u00e4lla middag i restaurangen i st\u00e4llet f\u00f6r att laga maten sj\u00e4lva i g\u00e4stk\u00f6ket. Kontakta oss f\u00f6r att f\u00e5 bekr\u00e4ftat vad som g\u00e4ller vid just er bokning. Boka direkt via v\u00e5r onlinebokning. Pris: fr\u00e5n 545kr\/p och natt del i dubbelrum Enkelrumstill\u00e4gg: 250kr\/natt <\/p>\n<\/div><\/section><\/div><div class=\"flex_column av_one_half  flex_column_div av-zero-column-padding   avia-builder-el-8  el_after_av_one_half  avia-builder-el-last  column-top-margin\" style='border-radius:0px; '><div class='avia-image-container  av-styling-no-styling    avia-builder-el-9  avia-builder-el-no-sibling  avia-align-center '  itemprop=\"image\" itemscope=\"itemscope\" itemtype=\"https:\/\/schema.org\/ImageObject\"  ><div class='avia-image-container-inner'><div class='avia-image-overlay-wrap'><img class='avia_image' src='https:\/\/kynnefjall.com\/wp-content\/uploads\/2020\/02\/webbutik-cat.jpg' alt='' title='webbutik-cat' height=\"600\" width=\"1200\"  itemprop=\"thumbnailUrl\"  \/><\/div><\/div><\/div><\/div>  <\/div><\/div><\/main><!-- close content main element --><\/div><\/div><div id='av_section_2' class='avia-section main_color avia-section-default avia-no-border-styling avia-bg-style-scroll  avia-builder-el-10  el_after_av_section  avia-builder-el-last   container_wrap fullsize' style='background-color: #cecece;  '  ><div class='container' ><div class='template-page content  av-content-full alpha units'><div class='post-entry post-entry-type-page post-entry-1092'><div class='entry-content-wrapper clearfix'> <div class=\"flex_column av_one_third  flex_column_div av-zero-column-padding first  avia-builder-el-11  el_before_av_two_third  avia-builder-el-first  \" style='border-radius:0px; '><div class='avia-image-container  av-styling-no-styling    avia-builder-el-12  avia-builder-el-no-sibling  avia-align-center '  itemprop=\"image\" itemscope=\"itemscope\" itemtype=\"https:\/\/schema.org\/ImageObject\"  ><div class='avia-image-container-inner'><div class='avia-image-overlay-wrap'><img class='avia_image' src='https:\/\/kynnefjall.com\/wp-content\/uploads\/2020\/02\/kynnefjall_img24.png' alt='' title='kynnefjall_img24' height=\"400\" width=\"400\"  itemprop=\"thumbnailUrl\"  \/><\/div><\/div><\/div><\/div><div class=\"flex_column av_two_third  flex_column_div av-zero-column-padding   avia-builder-el-13  el_after_av_one_third  avia-builder-el-last  \" style='border-radius:0px; '><section class=\"av_textblock_section \"  itemscope=\"itemscope\" itemtype=\"https:\/\/schema.org\/CreativeWork\" ><div class='avia_textblock  '   itemprop=\"text\" ><p> <strong>Vandringspaket<\/strong> Christina fr\u00e5n Halmstad och dottern Susanna fr\u00e5n G\u00f6teborg har varit hos oss p\u00e5 ett 2-dagars vandringspaket. &#8220;-Det har varit j\u00e4ttemysigt. Det \u00e4r en h\u00e4ftig milj\u00f6 h\u00e4r&#8221;, s\u00e4ger Susanna och klappar om hunden Texas. &#8220;-Jag har vandrat en hel del tidigare och h\u00e4r fanns det verkligen en omv\u00e4xlande milj\u00f6 samtidigt som det var l\u00e4ttg\u00e5nget. Jag har alltid velat vandra p\u00e5 Kynnefj\u00e4ll och nu \u00e4ntligen blev det av&#8221;, s\u00e4ger Christina med ett leende. <\/p>\n<\/div><\/section><\/div> <\/p>\n","protected":false},"excerpt":{"rendered":"","protected":false},"author":2,"featured_media":0,"parent":1063,"menu_order":0,"comment_status":"closed","ping_status":"closed","template":"","meta":{"footnotes":""},"class_list":["post-1092","page","type-page","status-publish","hentry"],"yoast_head":"<!-- This site is optimized with the Yoast SEO plugin v22.8 - https:\/\/yoast.com\/wordpress\/plugins\/seo\/ -->\n<title>Vandringspaket_2 - Kynnefj\u00e4lls Natur<\/title>\n<meta name=\"robots\" content=\"index, follow, max-snippet:-1, max-image-preview:large, max-video-preview:-1\" \/>\n<link rel=\"canonical\" href=\"https:\/\/kynnefjall.com\/en\/activities-adventures\/hiking\/vandringspaket_2\/\" \/>\n<meta property=\"og:locale\" content=\"en_US\" \/>\n<meta property=\"og:type\" content=\"article\" \/>\n<meta property=\"og:title\" content=\"Vandringspaket_2 - Kynnefj\u00e4lls Natur\" \/>\n<meta property=\"og:url\" content=\"https:\/\/kynnefjall.com\/en\/activities-adventures\/hiking\/vandringspaket_2\/\" \/>\n<meta property=\"og:site_name\" content=\"Kynnefj\u00e4lls Natur\" \/>\n<meta property=\"article:modified_time\" content=\"2020-03-18T05:40:23+00:00\" \/>\n<meta name=\"twitter:card\" content=\"summary_large_image\" \/>\n<meta name=\"twitter:label1\" content=\"Est. reading time\" \/>\n\t<meta name=\"twitter:data1\" content=\"8 minutes\" \/>\n<script type=\"application\/ld+json\" class=\"yoast-schema-graph\">{\"@context\":\"https:\/\/schema.org\",\"@graph\":[{\"@type\":\"WebPage\",\"@id\":\"https:\/\/kynnefjall.com\/en\/activities-adventures\/hiking\/vandringspaket_2\/\",\"url\":\"https:\/\/kynnefjall.com\/en\/activities-adventures\/hiking\/vandringspaket_2\/\",\"name\":\"Vandringspaket_2 - Kynnefj\u00e4lls Natur\",\"isPartOf\":{\"@id\":\"https:\/\/kynnefjall.com\/#website\"},\"datePublished\":\"2020-02-24T11:06:23+00:00\",\"dateModified\":\"2020-03-18T05:40:23+00:00\",\"breadcrumb\":{\"@id\":\"https:\/\/kynnefjall.com\/en\/activities-adventures\/hiking\/vandringspaket_2\/#breadcrumb\"},\"inLanguage\":\"en-US\",\"potentialAction\":[{\"@type\":\"ReadAction\",\"target\":[\"https:\/\/kynnefjall.com\/en\/activities-adventures\/hiking\/vandringspaket_2\/\"]}]},{\"@type\":\"BreadcrumbList\",\"@id\":\"https:\/\/kynnefjall.com\/en\/activities-adventures\/hiking\/vandringspaket_2\/#breadcrumb\",\"itemListElement\":[{\"@type\":\"ListItem\",\"position\":1,\"name\":\"Hem\",\"item\":\"https:\/\/kynnefjall.com\/en\/home\/\"},{\"@type\":\"ListItem\",\"position\":2,\"name\":\"Activities &#038; Adventures\",\"item\":\"https:\/\/kynnefjall.com\/en\/activities-adventures\/\"},{\"@type\":\"ListItem\",\"position\":3,\"name\":\"Hiking\",\"item\":\"https:\/\/kynnefjall.com\/en\/activities-adventures\/hiking\/\"},{\"@type\":\"ListItem\",\"position\":4,\"name\":\"Vandringspaket_2\"}]},{\"@type\":\"WebSite\",\"@id\":\"https:\/\/kynnefjall.com\/#website\",\"url\":\"https:\/\/kynnefjall.com\/\",\"name\":\"Kynnefj\u00e4lls Natur\",\"description\":\"\",\"potentialAction\":[{\"@type\":\"SearchAction\",\"target\":{\"@type\":\"EntryPoint\",\"urlTemplate\":\"https:\/\/kynnefjall.com\/?s={search_term_string}\"},\"query-input\":\"required name=search_term_string\"}],\"inLanguage\":\"en-US\"}]}<\/script>\n<!-- \/ Yoast SEO plugin. -->","yoast_head_json":{"title":"Vandringspaket_2 - Kynnefj\u00e4lls Natur","robots":{"index":"index","follow":"follow","max-snippet":"max-snippet:-1","max-image-preview":"max-image-preview:large","max-video-preview":"max-video-preview:-1"},"canonical":"https:\/\/kynnefjall.com\/en\/activities-adventures\/hiking\/vandringspaket_2\/","og_locale":"en_US","og_type":"article","og_title":"Vandringspaket_2 - Kynnefj\u00e4lls Natur","og_url":"https:\/\/kynnefjall.com\/en\/activities-adventures\/hiking\/vandringspaket_2\/","og_site_name":"Kynnefj\u00e4lls Natur","article_modified_time":"2020-03-18T05:40:23+00:00","twitter_card":"summary_large_image","twitter_misc":{"Est. reading time":"8 minutes"},"schema":{"@context":"https:\/\/schema.org","@graph":[{"@type":"WebPage","@id":"https:\/\/kynnefjall.com\/en\/activities-adventures\/hiking\/vandringspaket_2\/","url":"https:\/\/kynnefjall.com\/en\/activities-adventures\/hiking\/vandringspaket_2\/","name":"Vandringspaket_2 - Kynnefj\u00e4lls Natur","isPartOf":{"@id":"https:\/\/kynnefjall.com\/#website"},"datePublished":"2020-02-24T11:06:23+00:00","dateModified":"2020-03-18T05:40:23+00:00","breadcrumb":{"@id":"https:\/\/kynnefjall.com\/en\/activities-adventures\/hiking\/vandringspaket_2\/#breadcrumb"},"inLanguage":"en-US","potentialAction":[{"@type":"ReadAction","target":["https:\/\/kynnefjall.com\/en\/activities-adventures\/hiking\/vandringspaket_2\/"]}]},{"@type":"BreadcrumbList","@id":"https:\/\/kynnefjall.com\/en\/activities-adventures\/hiking\/vandringspaket_2\/#breadcrumb","itemListElement":[{"@type":"ListItem","position":1,"name":"Hem","item":"https:\/\/kynnefjall.com\/en\/home\/"},{"@type":"ListItem","position":2,"name":"Activities &#038; Adventures","item":"https:\/\/kynnefjall.com\/en\/activities-adventures\/"},{"@type":"ListItem","position":3,"name":"Hiking","item":"https:\/\/kynnefjall.com\/en\/activities-adventures\/hiking\/"},{"@type":"ListItem","position":4,"name":"Vandringspaket_2"}]},{"@type":"WebSite","@id":"https:\/\/kynnefjall.com\/#website","url":"https:\/\/kynnefjall.com\/","name":"Kynnefj\u00e4lls Natur","description":"","potentialAction":[{"@type":"SearchAction","target":{"@type":"EntryPoint","urlTemplate":"https:\/\/kynnefjall.com\/?s={search_term_string}"},"query-input":"required name=search_term_string"}],"inLanguage":"en-US"}]}},"_links":{"self":[{"href":"https:\/\/kynnefjall.com\/en\/wp-json\/wp\/v2\/pages\/1092","targetHints":{"allow":["GET"]}}],"collection":[{"href":"https:\/\/kynnefjall.com\/en\/wp-json\/wp\/v2\/pages"}],"about":[{"href":"https:\/\/kynnefjall.com\/en\/wp-json\/wp\/v2\/types\/page"}],"author":[{"embeddable":true,"href":"https:\/\/kynnefjall.com\/en\/wp-json\/wp\/v2\/users\/2"}],"replies":[{"embeddable":true,"href":"https:\/\/kynnefjall.com\/en\/wp-json\/wp\/v2\/comments?post=1092"}],"version-history":[{"count":2,"href":"https:\/\/kynnefjall.com\/en\/wp-json\/wp\/v2\/pages\/1092\/revisions"}],"predecessor-version":[{"id":1108,"href":"https:\/\/kynnefjall.com\/en\/wp-json\/wp\/v2\/pages\/1092\/revisions\/1108"}],"up":[{"embeddable":true,"href":"https:\/\/kynnefjall.com\/en\/wp-json\/wp\/v2\/pages\/1063"}],"wp:attachment":[{"href":"https:\/\/kynnefjall.com\/en\/wp-json\/wp\/v2\/media?parent=1092"}],"curies":[{"name":"wp","href":"https:\/\/api.w.org\/{rel}","templated":true}]}}

<p><div id='av_section_1' class='avia-section main_color avia-section-default avia-no-border-styling avia-bg-style-scroll  avia-builder-el-0  el_before_av_section  avia-builder-el-first   container_wrap fullsize' style=' '  ><div class='container' ><main  role="main" itemprop="mainContentOfPage"  class='template-page content  av-content-full alpha units'><div class='post-entry post-entry-type-page post-entry-1092'><div class='entry-content-wrapper clearfix'> <div style='padding-bottom:10px; ' class='av-special-heading av-special-heading-h1  blockquote modern-quote modern-centered  avia-builder-el-1  el_before_av_one_half  avia-builder-el-first  '><h1 class='av-special-heading-tag '  itemprop="headline"  >Vandringspaket &#8211; med halvpension</h1><div class ='av-subheading av-subheading_below  ' style='font-size:15px;'><p> Paketet med halvpension är bokningsbart &#8211; vår och höst 2019 </p>
</div><div class='special-heading-border'><div class='special-heading-inner-border' ></div></div></div> <div class="flex_column av_one_half  flex_column_div av-zero-column-padding first  avia-builder-el-2  el_after_av_heading  el_before_av_one_half  " style='border-radius:0px; '><section class="av_textblock_section "  itemscope="itemscope" itemtype="https://schema.org/CreativeWork" ><div class='avia_textblock  '   itemprop="text" ><p> På våren spirar den vilda och vackra naturen på Kynnefjäll och under hösten sprakar skogen i gult, orange och rött. Upptäck Bohusläns inland på egen hand där flertalet leder i varierande längd börjar precis utanför husknuten. </p>
</div></section></div><div class="flex_column av_one_half  flex_column_div av-zero-column-padding   avia-builder-el-4  el_after_av_one_half  el_before_av_one_half  " style='border-radius:0px; '><div class='avia-image-container  av-styling-no-styling    avia-builder-el-5  avia-builder-el-no-sibling  avia-align-center '  itemprop="image" itemscope="itemscope" itemtype="https://schema.org/ImageObject"  ><div class='avia-image-container-inner'><div class='avia-image-overlay-wrap'><img class='avia_image' src='https://kynnefjall.com/wp-content/uploads/2020/02/webbutik-cat.jpg' alt='' title='webbutik-cat' height="600" width="1200"  itemprop="thumbnailUrl"  /></div></div></div></div><div class="flex_column av_one_half  flex_column_div av-zero-column-padding first  avia-builder-el-6  el_after_av_one_half  el_before_av_one_half  column-top-margin" style='border-radius:0px; '><section class="av_textblock_section "  itemscope="itemscope" itemtype="https://schema.org/CreativeWork" ><div class='avia_textblock  '   itemprop="text" ><p> <strong>I paketet ingår</strong> Logi, del i dubbelrum inkl. frukost Matsäck Genomgång av kartor och terräng Tillgång till gästkök, mat- och TVrum Lakan och handdukar Slutstädning Middagen lagar ni själva i vårt gästkök. Frukosten finns förberedd i vårt gästkök. Kylvaror tar du själv i kylen, brödrost och kaffebryggare finns att tillgå. I samband med frukosten gör ni även i ordning matsäck till dagens vandring. Är ni sex personer eller fler så kan det finnas möjlighet att förbeställa middag i restaurangen i stället för att laga maten själva i gästköket. Kontakta oss för att få bekräftat vad som gäller vid just er bokning. Boka direkt via vår onlinebokning. Pris: från 545kr/p och natt del i dubbelrum Enkelrumstillägg: 250kr/natt </p>
</div></section></div><div class="flex_column av_one_half  flex_column_div av-zero-column-padding   avia-builder-el-8  el_after_av_one_half  avia-builder-el-last  column-top-margin" style='border-radius:0px; '><div class='avia-image-container  av-styling-no-styling    avia-builder-el-9  avia-builder-el-no-sibling  avia-align-center '  itemprop="image" itemscope="itemscope" itemtype="https://schema.org/ImageObject"  ><div class='avia-image-container-inner'><div class='avia-image-overlay-wrap'><img class='avia_image' src='https://kynnefjall.com/wp-content/uploads/2020/02/webbutik-cat.jpg' alt='' title='webbutik-cat' height="600" width="1200"  itemprop="thumbnailUrl"  /></div></div></div></div>  </div></div></main><!-- close content main element --></div></div><div id='av_section_2' class='avia-section main_color avia-section-default avia-no-border-styling avia-bg-style-scroll  avia-builder-el-10  el_after_av_section  avia-builder-el-last   container_wrap fullsize' style='background-color: #cecece;  '  ><div class='container' ><div class='template-page content  av-content-full alpha units'><div class='post-entry post-entry-type-page post-entry-1092'><div class='entry-content-wrapper clearfix'> <div class="flex_column av_one_third  flex_column_div av-zero-column-padding first  avia-builder-el-11  el_before_av_two_third  avia-builder-el-first  " style='border-radius:0px; '><div class='avia-image-container  av-styling-no-styling    avia-builder-el-12  avia-builder-el-no-sibling  avia-align-center '  itemprop="image" itemscope="itemscope" itemtype="https://schema.org/ImageObject"  ><div class='avia-image-container-inner'><div class='avia-image-overlay-wrap'><img class='avia_image' src='https://kynnefjall.com/wp-content/uploads/2020/02/kynnefjall_img24.png' alt='' title='kynnefjall_img24' height="400" width="400"  itemprop="thumbnailUrl"  /></div></div></div></div><div class="flex_column av_two_third  flex_column_div av-zero-column-padding   avia-builder-el-13  el_after_av_one_third  avia-builder-el-last  " style='border-radius:0px; '><section class="av_textblock_section "  itemscope="itemscope" itemtype="https://schema.org/CreativeWork" ><div class='avia_textblock  '   itemprop="text" ><p> <strong>Vandringspaket</strong> Christina från Halmstad och dottern Susanna från Göteborg har varit hos oss på ett 2-dagars vandringspaket. &#8220;-Det har varit jättemysigt. Det är en häftig miljö här&#8221;, säger Susanna och klappar om hunden Texas. &#8220;-Jag har vandrat en hel del tidigare och här fanns det verkligen en omväxlande miljö samtidigt som det var lättgånget. Jag har alltid velat vandra på Kynnefjäll och nu äntligen blev det av&#8221;, säger Christina med ett leende. </p>
</div></section></div> </p>

<!-- This site is optimized with the Yoast SEO plugin v22.8 - https://yoast.com/wordpress/plugins/seo/ -->
<title>Vandringspaket_2 - Kynnefjälls Natur</title>
<meta name="robots" content="index, follow, max-snippet:-1, max-image-preview:large, max-video-preview:-1" />
<link rel="canonical" href="https://kynnefjall.com/en/activities-adventures/hiking/vandringspaket_2/" />
<meta property="og:locale" content="en_US" />
<meta property="og:type" content="article" />
<meta property="og:title" content="Vandringspaket_2 - Kynnefjälls Natur" />
<meta property="og:url" content="https://kynnefjall.com/en/activities-adventures/hiking/vandringspaket_2/" />
<meta property="og:site_name" content="Kynnefjälls Natur" />
<meta property="article:modified_time" content="2020-03-18T05:40:23+00:00" />
<meta name="twitter:card" content="summary_large_image" />
<meta name="twitter:label1" content="Est. reading time" />
	<meta name="twitter:data1" content="8 minutes" />
<script type="application/ld+json" class="yoast-schema-graph">{"@context":"https://schema.org","@graph":[{"@type":"WebPage","@id":"https://kynnefjall.com/en/activities-adventures/hiking/vandringspaket_2/","url":"https://kynnefjall.com/en/activities-adventures/hiking/vandringspaket_2/","name":"Vandringspaket_2 - Kynnefjälls Natur","isPartOf":{"@id":"https://kynnefjall.com/#website"},"datePublished":"2020-02-24T11:06:23+00:00","dateModified":"2020-03-18T05:40:23+00:00","breadcrumb":{"@id":"https://kynnefjall.com/en/activities-adventures/hiking/vandringspaket_2/#breadcrumb"},"inLanguage":"en-US","potentialAction":[{"@type":"ReadAction","target":["https://kynnefjall.com/en/activities-adventures/hiking/vandringspaket_2/"]}]},{"@type":"BreadcrumbList","@id":"https://kynnefjall.com/en/activities-adventures/hiking/vandringspaket_2/#breadcrumb","itemListElement":[{"@type":"ListItem","position":1,"name":"Hem","item":"https://kynnefjall.com/en/home/"},{"@type":"ListItem","position":2,"name":"Activities &#038; Adventures","item":"https://kynnefjall.com/en/activities-adventures/"},{"@type":"ListItem","position":3,"name":"Hiking","item":"https://kynnefjall.com/en/activities-adventures/hiking/"},{"@type":"ListItem","position":4,"name":"Vandringspaket_2"}]},{"@type":"WebSite","@id":"https://kynnefjall.com/#website","url":"https://kynnefjall.com/","name":"Kynnefjälls Natur","description":"","potentialAction":[{"@type":"SearchAction","target":{"@type":"EntryPoint","urlTemplate":"https://kynnefjall.com/?s={search_term_string}"},"query-input":"required name=search_term_string"}],"inLanguage":"en-US"}]}</script>
<!-- / Yoast SEO plugin. -->

Vandringspaket_2 - Kynnefjälls Natur

Kynnefjälls Natur
